{"id":165,"date":"2024-08-19T16:02:29","date_gmt":"2024-08-19T16:02:29","guid":{"rendered":"https:\/\/haukkula.fi\/?page_id=165"},"modified":"2024-08-19T16:57:14","modified_gmt":"2024-08-19T16:57:14","slug":"yhteys","status":"publish","type":"page","link":"https:\/\/haukkula.fi\/index.php\/yhteys\/","title":{"rendered":"Yhteys"},"content":{"rendered":"\t\t<div data-elementor-type=\"wp-page\" data-elementor-id=\"165\" class=\"elementor elementor-165\">\n\t\t\t\t<div class=\"elementor-element elementor-element-f0a6196 e-flex e-con-boxed e-con e-parent\" data-id=\"f0a6196\" data-element_type=\"container\" data-e-type=\"container\" data-settings=\"{&quot;background_background&quot;:&quot;classic&quot;}\">\n\t\t\t\t\t<div class=\"e-con-inner\">\n\t\t\t\t<div class=\"elementor-element elementor-element-3064777 elementor-widget elementor-widget-spacer\" data-id=\"3064777\" data-element_type=\"widget\" data-e-type=\"widget\" data-widget_type=\"spacer.default\">\n\t\t\t\t<div class=\"elementor-widget-container\">\n\t\t\t\t\t\t\t<div class=\"elementor-spacer\">\n\t\t\t<div class=\"elementor-spacer-inner\"><\/div>\n\t\t<\/div>\n\t\t\t\t\t\t<\/div>\n\t\t\t\t<\/div>\n\t\t\t\t<div class=\"elementor-element elementor-element-8cf2dc1 elementor-widget elementor-widget-heading\" data-id=\"8cf2dc1\" data-element_type=\"widget\" data-e-type=\"widget\" data-widget_type=\"heading.default\">\n\t\t\t\t<div class=\"elementor-widget-container\">\n\t\t\t\t\t<h2 class=\"elementor-heading-title elementor-size-default\">Yhteys ja ajo-ohjeet<\/h2>\t\t\t\t<\/div>\n\t\t\t\t<\/div>\n\t\t\t\t<div class=\"elementor-element elementor-element-9b5a8f4 elementor-widget elementor-widget-spacer\" data-id=\"9b5a8f4\" data-element_type=\"widget\" data-e-type=\"widget\" data-widget_type=\"spacer.default\">\n\t\t\t\t<div class=\"elementor-widget-container\">\n\t\t\t\t\t\t\t<div class=\"elementor-spacer\">\n\t\t\t<div class=\"elementor-spacer-inner\"><\/div>\n\t\t<\/div>\n\t\t\t\t\t\t<\/div>\n\t\t\t\t<\/div>\n\t\t\t\t\t<\/div>\n\t\t\t\t<\/div>\n\t\t<div class=\"elementor-element elementor-element-b3b0072 e-flex e-con-boxed e-con e-parent\" data-id=\"b3b0072\" data-element_type=\"container\" data-e-type=\"container\">\n\t\t\t\t\t<div class=\"e-con-inner\">\n\t\t<div class=\"elementor-element elementor-element-257e97d e-con-full e-flex elementor-invisible e-con e-child\" data-id=\"257e97d\" data-element_type=\"container\" data-e-type=\"container\" data-settings=\"{&quot;animation&quot;:&quot;fadeInLeft&quot;}\">\n\t\t\t\t<div class=\"elementor-element elementor-element-c71eef0 elementor-widget elementor-widget-text-editor\" data-id=\"c71eef0\" data-element_type=\"widget\" data-e-type=\"widget\" data-widget_type=\"text-editor.default\">\n\t\t\t\t<div class=\"elementor-widget-container\">\n\t\t\t\t\t\t\t\t\t<p>Maitotie 32, 04920 Saarentaus (M\u00e4nts\u00e4l\u00e4)<\/p><p>haukkula.fi<br \/><a href=\"mailto:varaukset@haukkula.fi\">varaukset@haukkula.fi<\/a><br \/><a href=\"mailto:janne.ruokonen@dogmanship.fi\">janne.ruokonen@dogmanship.fi<\/a><\/p><p>puh. 0405006333<\/p>\t\t\t\t\t\t\t\t<\/div>\n\t\t\t\t<\/div>\n\t\t\t\t<div class=\"elementor-element elementor-element-d933b86 elementor-widget elementor-widget-button\" data-id=\"d933b86\" data-element_type=\"widget\" data-e-type=\"widget\" data-widget_type=\"button.default\">\n\t\t\t\t<div class=\"elementor-widget-container\">\n\t\t\t\t\t\t\t\t\t<div class=\"elementor-button-wrapper\">\n\t\t\t\t\t<a class=\"elementor-button elementor-button-link elementor-size-sm\" href=\"https:\/\/www.google.com\/maps\/dir\/\/Maitotie+32,+04920+Saari\/@60.7369381,25.4195899,17z\/data=!4m9!4m8!1m0!1m5!1m1!1s0x468e1fcb4065f53f:0xd26a3f34bdb50ec9!2m2!1d25.4221648!2d60.7369381!3e0?authuser=0&#038;entry=ttu\">\n\t\t\t\t\t\t<span class=\"elementor-button-content-wrapper\">\n\t\t\t\t\t\t\t\t\t<span class=\"elementor-button-text\">REITTIOHJEET<\/span>\n\t\t\t\t\t<\/span>\n\t\t\t\t\t<\/a>\n\t\t\t\t<\/div>\n\t\t\t\t\t\t\t\t<\/div>\n\t\t\t\t<\/div>\n\t\t\t\t<\/div>\n\t\t<div class=\"elementor-element elementor-element-00eba31 e-con-full e-flex elementor-invisible e-con e-child\" data-id=\"00eba31\" data-element_type=\"container\" data-e-type=\"container\" data-settings=\"{&quot;animation&quot;:&quot;fadeInRight&quot;}\">\n\t\t\t\t<div class=\"elementor-element elementor-element-1b63a6c elementor-widget elementor-widget-image\" data-id=\"1b63a6c\" data-element_type=\"widget\" data-e-type=\"widget\" data-widget_type=\"image.default\">\n\t\t\t\t<div class=\"elementor-widget-container\">\n\t\t\t\t\t\t\t\t\t\t\t\t\t\t\t<img fetchpriority=\"high\" decoding=\"async\" width=\"1024\" height=\"854\" src=\"https:\/\/haukkula.fi\/wp-content\/uploads\/2024\/08\/haukkula_kartta-kopio-1024x854.jpg\" class=\"attachment-large size-large wp-image-193\" alt=\"\" srcset=\"https:\/\/haukkula.fi\/wp-content\/uploads\/2024\/08\/haukkula_kartta-kopio-1024x854.jpg 1024w, https:\/\/haukkula.fi\/wp-content\/uploads\/2024\/08\/haukkula_kartta-kopio-300x250.jpg 300w, https:\/\/haukkula.fi\/wp-content\/uploads\/2024\/08\/haukkula_kartta-kopio-768x640.jpg 768w, https:\/\/haukkula.fi\/wp-content\/uploads\/2024\/08\/haukkula_kartta-kopio.jpg 1280w\" sizes=\"(max-width: 1024px) 100vw, 1024px\" \/>\t\t\t\t\t\t\t\t\t\t\t\t\t\t\t<\/div>\n\t\t\t\t<\/div>\n\t\t\t\t<\/div>\n\t\t\t\t\t<\/div>\n\t\t\t\t<\/div>\n\t\t<div class=\"elementor-element elementor-element-0875cbf e-con-full e-flex e-con e-parent\" data-id=\"0875cbf\" data-element_type=\"container\" data-e-type=\"container\">\n\t\t\t\t<div class=\"elementor-element elementor-element-8583fc7 elementor-widget elementor-widget-google_maps\" data-id=\"8583fc7\" data-element_type=\"widget\" data-e-type=\"widget\" data-widget_type=\"google_maps.default\">\n\t\t\t\t<div class=\"elementor-widget-container\">\n\t\t\t\t\t\t\t<div class=\"elementor-custom-embed\">\n\t\t\t<iframe loading=\"lazy\"\n\t\t\t\t\tsrc=\"https:\/\/maps.google.com\/maps?q=Maitotie%2032%2C%2004920%20Saarentaus&#038;t=m&#038;z=10&#038;output=embed&#038;iwloc=near\"\n\t\t\t\t\ttitle=\"Maitotie 32, 04920 Saarentaus\"\n\t\t\t\t\taria-label=\"Maitotie 32, 04920 Saarentaus\"\n\t\t\t><\/iframe>\n\t\t<\/div>\n\t\t\t\t\t\t<\/div>\n\t\t\t\t<\/div>\n\t\t\t\t<\/div>\n\t\t\t\t<\/div>\n\t\t","protected":false},"excerpt":{"rendered":"<p>Yhteys ja ajo-ohjeet Maitotie 32, 04920 Saarentaus (M\u00e4nts\u00e4l\u00e4) haukkula.fivaraukset@haukkula.fijanne.ruokonen@dogmanship.fi puh. 0405006333 REITTIOHJEET<\/p>\n","protected":false},"author":1,"featured_media":0,"parent":0,"menu_order":0,"comment_status":"closed","ping_status":"closed","template":"elementor_header_footer","meta":{"site-sidebar-layout":"no-sidebar","site-content-layout":"","ast-site-content-layout":"full-width-container","site-content-style":"default","site-sidebar-style":"default","ast-global-header-display":"","ast-banner-title-visibility":"","ast-main-header-display":"","ast-hfb-above-header-display":"","ast-hfb-below-header-display":"","ast-hfb-mobile-header-display":"","site-post-title":"disabled","ast-breadcrumbs-content":"","ast-featured-img":"disabled","footer-sml-layout":"","ast-disable-related-posts":"","theme-transparent-header-meta":"","adv-header-id-meta":"","stick-header-meta":"","header-above-stick-meta":"","header-main-stick-meta":"","header-below-stick-meta":"","astra-migrate-meta-layouts":"default","ast-page-background-enabled":"default","ast-page-background-meta":{"desktop":{"background-color":"var(--ast-global-color-4)","background-image":"","background-repeat":"repeat","background-position":"center center","background-size":"auto","background-attachment":"scroll","background-type":"","background-media":"","overlay-type":"","overlay-color":"","overlay-opacity":"","overlay-gradient":""},"tablet":{"background-color":"","background-image":"","background-repeat":"repeat","background-position":"center center","background-size":"auto","background-attachment":"scroll","background-type":"","background-media":"","overlay-type":"","overlay-color":"","overlay-opacity":"","overlay-gradient":""},"mobile":{"background-color":"","background-image":"","background-repeat":"repeat","background-position":"center center","background-size":"auto","background-attachment":"scroll","background-type":"","background-media":"","overlay-type":"","overlay-color":"","overlay-opacity":"","overlay-gradient":""}},"ast-content-background-meta":{"desktop":{"background-color":"var(--ast-global-color-5)","background-image":"","background-repeat":"repeat","background-position":"center center","background-size":"auto","background-attachment":"scroll","background-type":"","background-media":"","overlay-type":"","overlay-color":"","overlay-opacity":"","overlay-gradient":""},"tablet":{"background-color":"var(--ast-global-color-5)","background-image":"","background-repeat":"repeat","background-position":"center center","background-size":"auto","background-attachment":"scroll","background-type":"","background-media":"","overlay-type":"","overlay-color":"","overlay-opacity":"","overlay-gradient":""},"mobile":{"background-color":"var(--ast-global-color-5)","background-image":"","background-repeat":"repeat","background-position":"center center","background-size":"auto","background-attachment":"scroll","background-type":"","background-media":"","overlay-type":"","overlay-color":"","overlay-opacity":"","overlay-gradient":""}},"footnotes":""},"class_list":["post-165","page","type-page","status-publish","hentry"],"yoast_head":"<!-- This site is optimized with the Yoast SEO plugin v27.4 - https:\/\/yoast.com\/product\/yoast-seo-wordpress\/ -->\n<title>Yhteys - Haukkula<\/title>\n<meta name=\"robots\" content=\"index, follow, max-snippet:-1, max-image-preview:large, max-video-preview:-1\" \/>\n<link rel=\"canonical\" href=\"https:\/\/haukkula.fi\/index.php\/yhteys\/\" \/>\n<meta property=\"og:locale\" content=\"fi_FI\" \/>\n<meta property=\"og:type\" content=\"article\" \/>\n<meta property=\"og:title\" content=\"Yhteys - Haukkula\" \/>\n<meta property=\"og:description\" content=\"Yhteys ja ajo-ohjeet Maitotie 32, 04920 Saarentaus (M\u00e4nts\u00e4l\u00e4) haukkula.fivaraukset@haukkula.fijanne.ruokonen@dogmanship.fi puh. 0405006333 REITTIOHJEET\" \/>\n<meta property=\"og:url\" content=\"https:\/\/haukkula.fi\/index.php\/yhteys\/\" \/>\n<meta property=\"og:site_name\" content=\"Haukkula\" \/>\n<meta property=\"article:publisher\" content=\"https:\/\/www.facebook.com\/profile.php?id=61562019132185\" \/>\n<meta property=\"article:modified_time\" content=\"2024-08-19T16:57:14+00:00\" \/>\n<meta property=\"og:image\" content=\"https:\/\/haukkula.fi\/wp-content\/uploads\/2024\/08\/haukkula_kartta-kopio-1024x854.jpg\" \/>\n<meta name=\"twitter:card\" content=\"summary_large_image\" \/>\n<script type=\"application\/ld+json\" class=\"yoast-schema-graph\">{\"@context\":\"https:\\\/\\\/schema.org\",\"@graph\":[{\"@type\":\"WebPage\",\"@id\":\"https:\\\/\\\/haukkula.fi\\\/index.php\\\/yhteys\\\/\",\"url\":\"https:\\\/\\\/haukkula.fi\\\/index.php\\\/yhteys\\\/\",\"name\":\"Yhteys - Haukkula\",\"isPartOf\":{\"@id\":\"https:\\\/\\\/haukkula.fi\\\/#website\"},\"primaryImageOfPage\":{\"@id\":\"https:\\\/\\\/haukkula.fi\\\/index.php\\\/yhteys\\\/#primaryimage\"},\"image\":{\"@id\":\"https:\\\/\\\/haukkula.fi\\\/index.php\\\/yhteys\\\/#primaryimage\"},\"thumbnailUrl\":\"https:\\\/\\\/haukkula.fi\\\/wp-content\\\/uploads\\\/2024\\\/08\\\/haukkula_kartta-kopio-1024x854.jpg\",\"datePublished\":\"2024-08-19T16:02:29+00:00\",\"dateModified\":\"2024-08-19T16:57:14+00:00\",\"breadcrumb\":{\"@id\":\"https:\\\/\\\/haukkula.fi\\\/index.php\\\/yhteys\\\/#breadcrumb\"},\"inLanguage\":\"fi\",\"potentialAction\":[{\"@type\":\"ReadAction\",\"target\":[\"https:\\\/\\\/haukkula.fi\\\/index.php\\\/yhteys\\\/\"]}]},{\"@type\":\"ImageObject\",\"inLanguage\":\"fi\",\"@id\":\"https:\\\/\\\/haukkula.fi\\\/index.php\\\/yhteys\\\/#primaryimage\",\"url\":\"https:\\\/\\\/haukkula.fi\\\/wp-content\\\/uploads\\\/2024\\\/08\\\/haukkula_kartta-kopio.jpg\",\"contentUrl\":\"https:\\\/\\\/haukkula.fi\\\/wp-content\\\/uploads\\\/2024\\\/08\\\/haukkula_kartta-kopio.jpg\",\"width\":1280,\"height\":1067},{\"@type\":\"BreadcrumbList\",\"@id\":\"https:\\\/\\\/haukkula.fi\\\/index.php\\\/yhteys\\\/#breadcrumb\",\"itemListElement\":[{\"@type\":\"ListItem\",\"position\":1,\"name\":\"Etusivu\",\"item\":\"https:\\\/\\\/haukkula.fi\\\/\"},{\"@type\":\"ListItem\",\"position\":2,\"name\":\"Yhteys\"}]},{\"@type\":\"WebSite\",\"@id\":\"https:\\\/\\\/haukkula.fi\\\/#website\",\"url\":\"https:\\\/\\\/haukkula.fi\\\/\",\"name\":\"Haukkula\",\"description\":\"\",\"potentialAction\":[{\"@type\":\"SearchAction\",\"target\":{\"@type\":\"EntryPoint\",\"urlTemplate\":\"https:\\\/\\\/haukkula.fi\\\/?s={search_term_string}\"},\"query-input\":{\"@type\":\"PropertyValueSpecification\",\"valueRequired\":true,\"valueName\":\"search_term_string\"}}],\"inLanguage\":\"fi\"}]}<\/script>\n<!-- \/ Yoast SEO plugin. -->","yoast_head_json":{"title":"Yhteys - Haukkula","robots":{"index":"index","follow":"follow","max-snippet":"max-snippet:-1","max-image-preview":"max-image-preview:large","max-video-preview":"max-video-preview:-1"},"canonical":"https:\/\/haukkula.fi\/index.php\/yhteys\/","og_locale":"fi_FI","og_type":"article","og_title":"Yhteys - Haukkula","og_description":"Yhteys ja ajo-ohjeet Maitotie 32, 04920 Saarentaus (M\u00e4nts\u00e4l\u00e4) haukkula.fivaraukset@haukkula.fijanne.ruokonen@dogmanship.fi puh. 0405006333 REITTIOHJEET","og_url":"https:\/\/haukkula.fi\/index.php\/yhteys\/","og_site_name":"Haukkula","article_publisher":"https:\/\/www.facebook.com\/profile.php?id=61562019132185","article_modified_time":"2024-08-19T16:57:14+00:00","og_image":[{"url":"https:\/\/haukkula.fi\/wp-content\/uploads\/2024\/08\/haukkula_kartta-kopio-1024x854.jpg","type":"","width":"","height":""}],"twitter_card":"summary_large_image","schema":{"@context":"https:\/\/schema.org","@graph":[{"@type":"WebPage","@id":"https:\/\/haukkula.fi\/index.php\/yhteys\/","url":"https:\/\/haukkula.fi\/index.php\/yhteys\/","name":"Yhteys - Haukkula","isPartOf":{"@id":"https:\/\/haukkula.fi\/#website"},"primaryImageOfPage":{"@id":"https:\/\/haukkula.fi\/index.php\/yhteys\/#primaryimage"},"image":{"@id":"https:\/\/haukkula.fi\/index.php\/yhteys\/#primaryimage"},"thumbnailUrl":"https:\/\/haukkula.fi\/wp-content\/uploads\/2024\/08\/haukkula_kartta-kopio-1024x854.jpg","datePublished":"2024-08-19T16:02:29+00:00","dateModified":"2024-08-19T16:57:14+00:00","breadcrumb":{"@id":"https:\/\/haukkula.fi\/index.php\/yhteys\/#breadcrumb"},"inLanguage":"fi","potentialAction":[{"@type":"ReadAction","target":["https:\/\/haukkula.fi\/index.php\/yhteys\/"]}]},{"@type":"ImageObject","inLanguage":"fi","@id":"https:\/\/haukkula.fi\/index.php\/yhteys\/#primaryimage","url":"https:\/\/haukkula.fi\/wp-content\/uploads\/2024\/08\/haukkula_kartta-kopio.jpg","contentUrl":"https:\/\/haukkula.fi\/wp-content\/uploads\/2024\/08\/haukkula_kartta-kopio.jpg","width":1280,"height":1067},{"@type":"BreadcrumbList","@id":"https:\/\/haukkula.fi\/index.php\/yhteys\/#breadcrumb","itemListElement":[{"@type":"ListItem","position":1,"name":"Etusivu","item":"https:\/\/haukkula.fi\/"},{"@type":"ListItem","position":2,"name":"Yhteys"}]},{"@type":"WebSite","@id":"https:\/\/haukkula.fi\/#website","url":"https:\/\/haukkula.fi\/","name":"Haukkula","description":"","potentialAction":[{"@type":"SearchAction","target":{"@type":"EntryPoint","urlTemplate":"https:\/\/haukkula.fi\/?s={search_term_string}"},"query-input":{"@type":"PropertyValueSpecification","valueRequired":true,"valueName":"search_term_string"}}],"inLanguage":"fi"}]}},"_links":{"self":[{"href":"https:\/\/haukkula.fi\/index.php\/wp-json\/wp\/v2\/pages\/165","targetHints":{"allow":["GET"]}}],"collection":[{"href":"https:\/\/haukkula.fi\/index.php\/wp-json\/wp\/v2\/pages"}],"about":[{"href":"https:\/\/haukkula.fi\/index.php\/wp-json\/wp\/v2\/types\/page"}],"author":[{"embeddable":true,"href":"https:\/\/haukkula.fi\/index.php\/wp-json\/wp\/v2\/users\/1"}],"replies":[{"embeddable":true,"href":"https:\/\/haukkula.fi\/index.php\/wp-json\/wp\/v2\/comments?post=165"}],"version-history":[{"count":5,"href":"https:\/\/haukkula.fi\/index.php\/wp-json\/wp\/v2\/pages\/165\/revisions"}],"predecessor-version":[{"id":196,"href":"https:\/\/haukkula.fi\/index.php\/wp-json\/wp\/v2\/pages\/165\/revisions\/196"}],"wp:attachment":[{"href":"https:\/\/haukkula.fi\/index.php\/wp-json\/wp\/v2\/media?parent=165"}],"curies":[{"name":"wp","href":"https:\/\/api.w.org\/{rel}","templated":true}]}}