{"id":120,"date":"2024-08-19T15:16:27","date_gmt":"2024-08-19T15:16:27","guid":{"rendered":"https:\/\/haukkula.fi\/?page_id=120"},"modified":"2025-04-23T14:15:02","modified_gmt":"2025-04-23T14:15:02","slug":"hinnasto-ohjeet","status":"publish","type":"page","link":"https:\/\/haukkula.fi\/index.php\/hinnasto-ohjeet\/","title":{"rendered":"Hinnasto &amp; ohjeet"},"content":{"rendered":"\t\t<div data-elementor-type=\"wp-page\" data-elementor-id=\"120\" class=\"elementor elementor-120\">\n\t\t\t\t<div class=\"elementor-element elementor-element-3ce6d6b e-flex e-con-boxed e-con e-parent\" data-id=\"3ce6d6b\" data-element_type=\"container\" data-e-type=\"container\" data-settings=\"{&quot;background_background&quot;:&quot;classic&quot;}\">\n\t\t\t\t\t<div class=\"e-con-inner\">\n\t\t\t\t<div class=\"elementor-element elementor-element-af40e5c elementor-widget elementor-widget-spacer\" data-id=\"af40e5c\" data-element_type=\"widget\" data-e-type=\"widget\" data-widget_type=\"spacer.default\">\n\t\t\t\t<div class=\"elementor-widget-container\">\n\t\t\t\t\t\t\t<div class=\"elementor-spacer\">\n\t\t\t<div class=\"elementor-spacer-inner\"><\/div>\n\t\t<\/div>\n\t\t\t\t\t\t<\/div>\n\t\t\t\t<\/div>\n\t\t\t\t<div class=\"elementor-element elementor-element-63c93c7 elementor-widget elementor-widget-heading\" data-id=\"63c93c7\" data-element_type=\"widget\" data-e-type=\"widget\" data-widget_type=\"heading.default\">\n\t\t\t\t<div class=\"elementor-widget-container\">\n\t\t\t\t\t<h2 class=\"elementor-heading-title elementor-size-default\">HINNASTO JA OHJEET<\/h2>\t\t\t\t<\/div>\n\t\t\t\t<\/div>\n\t\t\t\t<div class=\"elementor-element elementor-element-0c3a252 elementor-widget elementor-widget-spacer\" data-id=\"0c3a252\" data-element_type=\"widget\" data-e-type=\"widget\" data-widget_type=\"spacer.default\">\n\t\t\t\t<div class=\"elementor-widget-container\">\n\t\t\t\t\t\t\t<div class=\"elementor-spacer\">\n\t\t\t<div class=\"elementor-spacer-inner\"><\/div>\n\t\t<\/div>\n\t\t\t\t\t\t<\/div>\n\t\t\t\t<\/div>\n\t\t\t\t\t<\/div>\n\t\t\t\t<\/div>\n\t\t<div class=\"elementor-element elementor-element-a55ef2e e-flex e-con-boxed e-con e-parent\" data-id=\"a55ef2e\" data-element_type=\"container\" data-e-type=\"container\">\n\t\t\t\t\t<div class=\"e-con-inner\">\n\t\t<div class=\"elementor-element elementor-element-5c662d5f e-con-full e-flex elementor-invisible e-con e-child\" data-id=\"5c662d5f\" data-element_type=\"container\" data-e-type=\"container\" data-settings=\"{&quot;animation&quot;:&quot;fadeInLeft&quot;}\">\n\t\t\t\t<div class=\"elementor-element elementor-element-5b38c765 elementor-widget elementor-widget-heading\" data-id=\"5b38c765\" data-element_type=\"widget\" data-e-type=\"widget\" data-widget_type=\"heading.default\">\n\t\t\t\t<div class=\"elementor-widget-container\">\n\t\t\t\t\t<h2 class=\"elementor-heading-title elementor-size-default\">Ohjeet<\/h2>\t\t\t\t<\/div>\n\t\t\t\t<\/div>\n\t\t\t\t<div class=\"elementor-element elementor-element-246bffd2 elementor-widget elementor-widget-text-editor\" data-id=\"246bffd2\" data-element_type=\"widget\" data-e-type=\"widget\" data-widget_type=\"text-editor.default\">\n\t\t\t\t<div class=\"elementor-widget-container\">\n\t\t\t\t\t\t\t\t\t<p>Koiran hoitoon sis\u00e4ltyy oma yksi\u00f6 tai esim. jaettu kaksio perheen muiden koirien kanssa.\u00a0<\/p><p>On suositeltavaa tuoda mukana koiran oma tuttu peti. Ruokinta koiran omilla ruoilla. Ulkoilu omistajan toiveiden mukaisesti, kuitenkin v\u00e4hint\u00e4\u00e4n kolme kertaa p\u00e4iv\u00e4ss\u00e4. Pidempi\u00e4 k\u00e4velylenkkej\u00e4 tai ulkoilua aidatussa Haukkupuistossa enint\u00e4\u00e4n kaksi kertaa p\u00e4iv\u00e4n aikana.<\/p><p>Erikseen sovittavia asioita ovat mm. lis\u00e4liikunta (lenkki\/Haukkupuisto), koiran hieronta, koulutus, koiran pesu, kynsien leikkuu, l\u00e4\u00e4kitys ja muut lis\u00e4palvelut.<\/p><p>Koiran tuonti- ja hakuajat p\u00e4\u00e4s\u00e4\u00e4nt\u00f6isesti klo 8.00-11.00 sek\u00e4 17.00-20.00. P\u00e4iv\u00e4hoitoon koiran voi tuoda klo 7.00 alkaen.\u00a0<\/p>\t\t\t\t\t\t\t\t<\/div>\n\t\t\t\t<\/div>\n\t\t\t\t<div class=\"elementor-element elementor-element-2f837da1 elementor-widget elementor-widget-image\" data-id=\"2f837da1\" data-element_type=\"widget\" data-e-type=\"widget\" data-widget_type=\"image.default\">\n\t\t\t\t<div class=\"elementor-widget-container\">\n\t\t\t\t\t\t\t\t\t\t\t\t\t\t\t<img fetchpriority=\"high\" decoding=\"async\" width=\"1024\" height=\"469\" src=\"https:\/\/haukkula.fi\/wp-content\/uploads\/2024\/08\/haukkula_21-1024x469.jpg\" class=\"attachment-large size-large wp-image-84\" alt=\"\" srcset=\"https:\/\/haukkula.fi\/wp-content\/uploads\/2024\/08\/haukkula_21-1024x469.jpg 1024w, https:\/\/haukkula.fi\/wp-content\/uploads\/2024\/08\/haukkula_21-300x138.jpg 300w, https:\/\/haukkula.fi\/wp-content\/uploads\/2024\/08\/haukkula_21-768x352.jpg 768w, https:\/\/haukkula.fi\/wp-content\/uploads\/2024\/08\/haukkula_21.jpg 1361w\" sizes=\"(max-width: 1024px) 100vw, 1024px\" \/>\t\t\t\t\t\t\t\t\t\t\t\t\t\t\t<\/div>\n\t\t\t\t<\/div>\n\t\t\t\t<\/div>\n\t\t<div class=\"elementor-element elementor-element-7d880a03 e-con-full e-flex elementor-invisible e-con e-child\" data-id=\"7d880a03\" data-element_type=\"container\" data-e-type=\"container\" data-settings=\"{&quot;animation&quot;:&quot;fadeInRight&quot;}\">\n\t\t\t\t<div class=\"elementor-element elementor-element-fd3664b elementor-widget elementor-widget-heading\" data-id=\"fd3664b\" data-element_type=\"widget\" data-e-type=\"widget\" data-widget_type=\"heading.default\">\n\t\t\t\t<div class=\"elementor-widget-container\">\n\t\t\t\t\t<h2 class=\"elementor-heading-title elementor-size-default\">Hinnasto<\/h2>\t\t\t\t<\/div>\n\t\t\t\t<\/div>\n\t\t\t\t<div class=\"elementor-element elementor-element-7e2b065f elementor-widget elementor-widget-text-editor\" data-id=\"7e2b065f\" data-element_type=\"widget\" data-e-type=\"widget\" data-widget_type=\"text-editor.default\">\n\t\t\t\t<div class=\"elementor-widget-container\">\n\t\t\t\t\t\t\t\t\t<ul><li><strong>Vuorokausihoito tai yli 12 tuntia <\/strong><br \/><strong>50 \u20ac<\/strong><\/li><li><strong>P\u00e4iv\u00e4hoito 7.00\u201319.00 (max 10 tuntia) <\/strong><br \/><strong>30 \u20ac<\/strong><\/li><li><strong><span style=\"font-size: 16px;\">Perheen seuraavat koirat yhteisess\u00e4 tilassa\u00a0<\/span><span style=\"font-size: 16px;\">&#8211; 50 %. Alennus annetaan vain koirien majoittuessa samaan yksi\u00f6\u00f6n\/kaksioon.<\/span><\/strong><\/li><li><strong><span style=\"font-size: 16px;\">Lis\u00e4liikunta toiveiden mukaan alkaen <br \/><\/span><span style=\"font-size: 16px;\">25 \u20ac<\/span><\/strong><\/li><li><strong><span style=\"font-size: 16px;\">Koiran pesu (oppilasty\u00f6n\u00e4) pieni\/keskik\/suuri <br \/><\/span><span style=\"font-size: 16px;\">15\u201325 \u20ac<\/span><\/strong><\/li><li><strong><span style=\"font-size: 16px;\">Koirahieronta 30 min., sis. haastattelu <br \/><\/span><span style=\"font-size: 16px;\">50 \u20ac<\/span><\/strong><\/li><li><strong><span style=\"font-size: 16px;\">Ravintoneuvonta 60 min <br \/><\/span><span style=\"font-size: 16px;\">70 \u20ac<\/span><\/strong><\/li><li><strong><span style=\"font-size: 16px;\">Akupunktio\/-painanta 60 min <br \/><\/span><\/strong><strong><span style=\"font-size: 16px;\">80 \u20ac<\/span><\/strong><\/li><\/ul><p><a href=\"https:\/\/dogmanship.fi\/index.php\/hinnasto\/\"><strong>Dogmanshipin koulutuspalvelut<\/strong><\/a><\/p><ul><li><strong>K\u00e4yt\u00f6sneuvonta 120 min 150 \u20ac<\/strong><\/li><li><strong>Pienryhm\u00e4koulutus 120 min 150 \u20ac<\/strong><\/li><li><strong>Pentutestit 1. pentu 75 \u20ac, seuraavat 25 \u20ac\/pentu<\/strong><\/li><li>Hintoihin lis\u00e4t\u00e4\u00e4n km-korvaus 0,57 \u20ac\/km<\/li><\/ul>\t\t\t\t\t\t\t\t<\/div>\n\t\t\t\t<\/div>\n\t\t\t\t<\/div>\n\t\t\t\t\t<\/div>\n\t\t\t\t<\/div>\n\t\t\t\t<\/div>\n\t\t","protected":false},"excerpt":{"rendered":"<p>HINNASTO JA OHJEET Ohjeet Koiran hoitoon sis\u00e4ltyy oma yksi\u00f6 tai esim. jaettu kaksio perheen muiden koirien kanssa.\u00a0 On suositeltavaa tuoda [&hellip;]<\/p>\n","protected":false},"author":1,"featured_media":0,"parent":0,"menu_order":0,"comment_status":"closed","ping_status":"closed","template":"elementor_header_footer","meta":{"site-sidebar-layout":"no-sidebar","site-content-layout":"","ast-site-content-layout":"full-width-container","site-content-style":"default","site-sidebar-style":"default","ast-global-header-display":"","ast-banner-title-visibility":"","ast-main-header-display":"","ast-hfb-above-header-display":"","ast-hfb-below-header-display":"","ast-hfb-mobile-header-display":"","site-post-title":"disabled","ast-breadcrumbs-content":"","ast-featured-img":"disabled","footer-sml-layout":"","ast-disable-related-posts":"","theme-transparent-header-meta":"","adv-header-id-meta":"","stick-header-meta":"","header-above-stick-meta":"","header-main-stick-meta":"","header-below-stick-meta":"","astra-migrate-meta-layouts":"default","ast-page-background-enabled":"default","ast-page-background-meta":{"desktop":{"background-color":"var(--ast-global-color-4)","background-image":"","background-repeat":"repeat","background-position":"center center","background-size":"auto","background-attachment":"scroll","background-type":"","background-media":"","overlay-type":"","overlay-color":"","overlay-opacity":"","overlay-gradient":""},"tablet":{"background-color":"","background-image":"","background-repeat":"repeat","background-position":"center center","background-size":"auto","background-attachment":"scroll","background-type":"","background-media":"","overlay-type":"","overlay-color":"","overlay-opacity":"","overlay-gradient":""},"mobile":{"background-color":"","background-image":"","background-repeat":"repeat","background-position":"center center","background-size":"auto","background-attachment":"scroll","background-type":"","background-media":"","overlay-type":"","overlay-color":"","overlay-opacity":"","overlay-gradient":""}},"ast-content-background-meta":{"desktop":{"background-color":"var(--ast-global-color-5)","background-image":"","background-repeat":"repeat","background-position":"center center","background-size":"auto","background-attachment":"scroll","background-type":"","background-media":"","overlay-type":"","overlay-color":"","overlay-opacity":"","overlay-gradient":""},"tablet":{"background-color":"var(--ast-global-color-5)","background-image":"","background-repeat":"repeat","background-position":"center center","background-size":"auto","background-attachment":"scroll","background-type":"","background-media":"","overlay-type":"","overlay-color":"","overlay-opacity":"","overlay-gradient":""},"mobile":{"background-color":"var(--ast-global-color-5)","background-image":"","background-repeat":"repeat","background-position":"center center","background-size":"auto","background-attachment":"scroll","background-type":"","background-media":"","overlay-type":"","overlay-color":"","overlay-opacity":"","overlay-gradient":""}},"footnotes":""},"class_list":["post-120","page","type-page","status-publish","hentry"],"yoast_head":"<!-- This site is optimized with the Yoast SEO plugin v27.4 - https:\/\/yoast.com\/product\/yoast-seo-wordpress\/ -->\n<title>Hinnasto &amp; ohjeet - Haukkula<\/title>\n<meta name=\"robots\" content=\"index, follow, max-snippet:-1, max-image-preview:large, max-video-preview:-1\" \/>\n<link rel=\"canonical\" href=\"https:\/\/haukkula.fi\/index.php\/hinnasto-ohjeet\/\" \/>\n<meta property=\"og:locale\" content=\"fi_FI\" \/>\n<meta property=\"og:type\" content=\"article\" \/>\n<meta property=\"og:title\" content=\"Hinnasto &amp; ohjeet - Haukkula\" \/>\n<meta property=\"og:description\" content=\"HINNASTO JA OHJEET Ohjeet Koiran hoitoon sis\u00e4ltyy oma yksi\u00f6 tai esim. jaettu kaksio perheen muiden koirien kanssa.\u00a0 On suositeltavaa tuoda [&hellip;]\" \/>\n<meta property=\"og:url\" content=\"https:\/\/haukkula.fi\/index.php\/hinnasto-ohjeet\/\" \/>\n<meta property=\"og:site_name\" content=\"Haukkula\" \/>\n<meta property=\"article:publisher\" content=\"https:\/\/www.facebook.com\/profile.php?id=61562019132185\" \/>\n<meta property=\"article:modified_time\" content=\"2025-04-23T14:15:02+00:00\" \/>\n<meta property=\"og:image\" content=\"https:\/\/haukkula.fi\/wp-content\/uploads\/2024\/08\/haukkula_21.jpg\" \/>\n\t<meta property=\"og:image:width\" content=\"1361\" \/>\n\t<meta property=\"og:image:height\" content=\"624\" \/>\n\t<meta property=\"og:image:type\" content=\"image\/jpeg\" \/>\n<meta name=\"twitter:card\" content=\"summary_large_image\" \/>\n<meta name=\"twitter:label1\" content=\"Arvioitu lukuaika\" \/>\n\t<meta name=\"twitter:data1\" content=\"2 minuuttia\" \/>\n<script type=\"application\/ld+json\" class=\"yoast-schema-graph\">{\"@context\":\"https:\\\/\\\/schema.org\",\"@graph\":[{\"@type\":\"WebPage\",\"@id\":\"https:\\\/\\\/haukkula.fi\\\/index.php\\\/hinnasto-ohjeet\\\/\",\"url\":\"https:\\\/\\\/haukkula.fi\\\/index.php\\\/hinnasto-ohjeet\\\/\",\"name\":\"Hinnasto &amp; ohjeet - Haukkula\",\"isPartOf\":{\"@id\":\"https:\\\/\\\/haukkula.fi\\\/#website\"},\"primaryImageOfPage\":{\"@id\":\"https:\\\/\\\/haukkula.fi\\\/index.php\\\/hinnasto-ohjeet\\\/#primaryimage\"},\"image\":{\"@id\":\"https:\\\/\\\/haukkula.fi\\\/index.php\\\/hinnasto-ohjeet\\\/#primaryimage\"},\"thumbnailUrl\":\"https:\\\/\\\/haukkula.fi\\\/wp-content\\\/uploads\\\/2024\\\/08\\\/haukkula_21-1024x469.jpg\",\"datePublished\":\"2024-08-19T15:16:27+00:00\",\"dateModified\":\"2025-04-23T14:15:02+00:00\",\"breadcrumb\":{\"@id\":\"https:\\\/\\\/haukkula.fi\\\/index.php\\\/hinnasto-ohjeet\\\/#breadcrumb\"},\"inLanguage\":\"fi\",\"potentialAction\":[{\"@type\":\"ReadAction\",\"target\":[\"https:\\\/\\\/haukkula.fi\\\/index.php\\\/hinnasto-ohjeet\\\/\"]}]},{\"@type\":\"ImageObject\",\"inLanguage\":\"fi\",\"@id\":\"https:\\\/\\\/haukkula.fi\\\/index.php\\\/hinnasto-ohjeet\\\/#primaryimage\",\"url\":\"https:\\\/\\\/haukkula.fi\\\/wp-content\\\/uploads\\\/2024\\\/08\\\/haukkula_21.jpg\",\"contentUrl\":\"https:\\\/\\\/haukkula.fi\\\/wp-content\\\/uploads\\\/2024\\\/08\\\/haukkula_21.jpg\",\"width\":1361,\"height\":624},{\"@type\":\"BreadcrumbList\",\"@id\":\"https:\\\/\\\/haukkula.fi\\\/index.php\\\/hinnasto-ohjeet\\\/#breadcrumb\",\"itemListElement\":[{\"@type\":\"ListItem\",\"position\":1,\"name\":\"Etusivu\",\"item\":\"https:\\\/\\\/haukkula.fi\\\/\"},{\"@type\":\"ListItem\",\"position\":2,\"name\":\"Hinnasto &amp; ohjeet\"}]},{\"@type\":\"WebSite\",\"@id\":\"https:\\\/\\\/haukkula.fi\\\/#website\",\"url\":\"https:\\\/\\\/haukkula.fi\\\/\",\"name\":\"Haukkula\",\"description\":\"\",\"potentialAction\":[{\"@type\":\"SearchAction\",\"target\":{\"@type\":\"EntryPoint\",\"urlTemplate\":\"https:\\\/\\\/haukkula.fi\\\/?s={search_term_string}\"},\"query-input\":{\"@type\":\"PropertyValueSpecification\",\"valueRequired\":true,\"valueName\":\"search_term_string\"}}],\"inLanguage\":\"fi\"}]}<\/script>\n<!-- \/ Yoast SEO plugin. -->","yoast_head_json":{"title":"Hinnasto &amp; ohjeet - Haukkula","robots":{"index":"index","follow":"follow","max-snippet":"max-snippet:-1","max-image-preview":"max-image-preview:large","max-video-preview":"max-video-preview:-1"},"canonical":"https:\/\/haukkula.fi\/index.php\/hinnasto-ohjeet\/","og_locale":"fi_FI","og_type":"article","og_title":"Hinnasto &amp; ohjeet - Haukkula","og_description":"HINNASTO JA OHJEET Ohjeet Koiran hoitoon sis\u00e4ltyy oma yksi\u00f6 tai esim. jaettu kaksio perheen muiden koirien kanssa.\u00a0 On suositeltavaa tuoda [&hellip;]","og_url":"https:\/\/haukkula.fi\/index.php\/hinnasto-ohjeet\/","og_site_name":"Haukkula","article_publisher":"https:\/\/www.facebook.com\/profile.php?id=61562019132185","article_modified_time":"2025-04-23T14:15:02+00:00","og_image":[{"width":1361,"height":624,"url":"https:\/\/haukkula.fi\/wp-content\/uploads\/2024\/08\/haukkula_21.jpg","type":"image\/jpeg"}],"twitter_card":"summary_large_image","twitter_misc":{"Arvioitu lukuaika":"2 minuuttia"},"schema":{"@context":"https:\/\/schema.org","@graph":[{"@type":"WebPage","@id":"https:\/\/haukkula.fi\/index.php\/hinnasto-ohjeet\/","url":"https:\/\/haukkula.fi\/index.php\/hinnasto-ohjeet\/","name":"Hinnasto &amp; ohjeet - Haukkula","isPartOf":{"@id":"https:\/\/haukkula.fi\/#website"},"primaryImageOfPage":{"@id":"https:\/\/haukkula.fi\/index.php\/hinnasto-ohjeet\/#primaryimage"},"image":{"@id":"https:\/\/haukkula.fi\/index.php\/hinnasto-ohjeet\/#primaryimage"},"thumbnailUrl":"https:\/\/haukkula.fi\/wp-content\/uploads\/2024\/08\/haukkula_21-1024x469.jpg","datePublished":"2024-08-19T15:16:27+00:00","dateModified":"2025-04-23T14:15:02+00:00","breadcrumb":{"@id":"https:\/\/haukkula.fi\/index.php\/hinnasto-ohjeet\/#breadcrumb"},"inLanguage":"fi","potentialAction":[{"@type":"ReadAction","target":["https:\/\/haukkula.fi\/index.php\/hinnasto-ohjeet\/"]}]},{"@type":"ImageObject","inLanguage":"fi","@id":"https:\/\/haukkula.fi\/index.php\/hinnasto-ohjeet\/#primaryimage","url":"https:\/\/haukkula.fi\/wp-content\/uploads\/2024\/08\/haukkula_21.jpg","contentUrl":"https:\/\/haukkula.fi\/wp-content\/uploads\/2024\/08\/haukkula_21.jpg","width":1361,"height":624},{"@type":"BreadcrumbList","@id":"https:\/\/haukkula.fi\/index.php\/hinnasto-ohjeet\/#breadcrumb","itemListElement":[{"@type":"ListItem","position":1,"name":"Etusivu","item":"https:\/\/haukkula.fi\/"},{"@type":"ListItem","position":2,"name":"Hinnasto &amp; ohjeet"}]},{"@type":"WebSite","@id":"https:\/\/haukkula.fi\/#website","url":"https:\/\/haukkula.fi\/","name":"Haukkula","description":"","potentialAction":[{"@type":"SearchAction","target":{"@type":"EntryPoint","urlTemplate":"https:\/\/haukkula.fi\/?s={search_term_string}"},"query-input":{"@type":"PropertyValueSpecification","valueRequired":true,"valueName":"search_term_string"}}],"inLanguage":"fi"}]}},"_links":{"self":[{"href":"https:\/\/haukkula.fi\/index.php\/wp-json\/wp\/v2\/pages\/120","targetHints":{"allow":["GET"]}}],"collection":[{"href":"https:\/\/haukkula.fi\/index.php\/wp-json\/wp\/v2\/pages"}],"about":[{"href":"https:\/\/haukkula.fi\/index.php\/wp-json\/wp\/v2\/types\/page"}],"author":[{"embeddable":true,"href":"https:\/\/haukkula.fi\/index.php\/wp-json\/wp\/v2\/users\/1"}],"replies":[{"embeddable":true,"href":"https:\/\/haukkula.fi\/index.php\/wp-json\/wp\/v2\/comments?post=120"}],"version-history":[{"count":5,"href":"https:\/\/haukkula.fi\/index.php\/wp-json\/wp\/v2\/pages\/120\/revisions"}],"predecessor-version":[{"id":267,"href":"https:\/\/haukkula.fi\/index.php\/wp-json\/wp\/v2\/pages\/120\/revisions\/267"}],"wp:attachment":[{"href":"https:\/\/haukkula.fi\/index.php\/wp-json\/wp\/v2\/media?parent=120"}],"curies":[{"name":"wp","href":"https:\/\/api.w.org\/{rel}","templated":true}]}}